is divided by 47946?
54
What is the remainder when 17104985 is divided by 8552482?
21
What is the remainder when 15181 is divided by 1178?
1045
Calculate the remainder when 441059 is divided by 482.
29
Calculate the remainder when 333528 is divided by 758.
8
Calculate the remainder when 58677238 is divided by 1275592.
6
Calculate the remainder when 191116 is divided by 19830.
12646
What is the remainder when 793450 is divided by 4959?
10
What is the remainder when 138708 is divided by 6304?
20
Calculate the remainder when 300099 is divided by 16671.
21
What is the remainder when 430026 is divided by 17200?
26
Calculate the remainder when 585962 is divided by 51.
23
What is the remainder when 7420613 is divided by 179?
168
What is the remainder when 183743 is divided by 91745?
253
What is the remainder when 3767 is divided by 1241?
44
What is the remainder when 1931079 is divided by 182?
59
Calculate the remainder when 66246509 is divided by 1030.
1029
Calculate the remainder when 1790487 is divided by 55949.
119
Calculate the remainder when 48498608 is divided by 4.
0
What is the remainder when 372169 is divided by 954?
109
Calculate the remainder when 242494 is divided by 247.
187
What is the remainder when 671999 is divided by 521?
430
Calculate the remainder when 783799 is divided by 320.
119
What is the remainder when 43111 is divided by 545?
56
What is the remainder when 321891 is divided by 107?
35
What is the remainder when 8443831 is divided by 91?
32
Calculate the remainder when 481350 is divided by 481326.
24
Calculate the remainder when 237797 is divided by 442.
1
What is the remainder when 25222422 is divided by 25?
22
What is the remainder when 11143 is divided by 292?
47
Calculate the remainder when 14343235 is divided by 7171615.
5
What is the remainder when 439791 is divided by 11271?
222
Calculate the remainder when 14745 is divided by 323.
210
What is the remainder when 80633417 is divided by 24?
17
Calculate the remainder when 186214 is divided by 6005.
59
What is the remainder when 711523 is divided by 142268?
183
What is the remainder when 425725 is divided by 6854?
777
What is the remainder when 197114 is divided by 197110?
4
What is the remainder when 1393802 is divided by 4342?
20
Calculate the remainder when 1096092 is divided by 4232.
4
Calculate the remainder when 384169533 is divided by 2129.
2128
Calculate the remainder when 4570675 is divided by 4570658.
17
What is the remainder when 13470880 is divided by 49?
45
What is the remainder when 1444719 is divided by 55564?
55
What is the remainder when 57564 is divided by 57347?
217
Calculate the remainder when 1256477 is divided by 1256423.
54
Calculate the remainder when 22366 is divided by 981.
784
What is the remainder when 352758 is divided by 73?
22
What is the remainder when 193502 is divided by 18248?
11022
Calculate the remainder when 358233 is divided by 7618.
187
What is the remainder when 41427 is divided by 3452?
3
Calculate the remainder when 16382795 is divided by 107077.
14
What is the remainder when 4073959 is divided by 1028?
1023
Calculate the remainder when 1512414 is divided by 1628.
2
What is the remainder when 8915 is divided by 8422?
493
Calculate the remainder when 374413 is divided by 4925.
113
What is the remainder when 39314865 is divided by 160?
145
Calculate the remainder when 1111065 is divided by 146.
5
Calculate the remainder when 352571 is divided by 1669.
412
Calculate the remainder when 8162406 is divided by 8162405.
1
What is the remainder when 61720 is divided by 61581?
139
What is the remainder when 8196412 is divided by 1502?
1500
What is the remainder when 2748038 is divided by 172?
166
What is the remainder when 3426365 is divided by 248?
245
Calculate the remainder when 2114819 is divided by 14686.
35
Calculate the remainder when 322705 is divided by 160080.
2545
Calculate the remainder when 83958168 is divided by 653.
652
What is the remainder when 2074757 is divided by 736?
709
What is the remainder when 781244 is divided by 65059?
536
Calculate the remainder when 2854166 is divided by 1108.
1066
What is the remainder when 249507 is divided by 3724?
3723
What is the remainder when 491130 is divided by 14425?
680
What is the remainder when 421548457 is divided by 27?
22
Calculate the remainder when 110439115 is divided by 163.
95
What is the remainder when 11273 is divided by 231?
185
What is the remainder when 376619 is divided by 1049?
28
Calculate the remainder when 1555140 is divided by 777570.
0
What is the remainder when 123539956 is divided by 96?
52
What is the remainder when 4663704 is divided by 39?
6
What is the remainder when 10100165 is divided by 2955?
2930
Calculate the remainder when 12123 is divided by 8989.
3134
What is the remainder when 1912749 is divided by 70?
69
Calculate the remainder when 124782381 is divided by 743.
732
What is the remainder when 41130 is divided by 7074?
5760
Calculate the remainder when 194826591 is divided by 593.
592
What is the remainder when 161711139 is divided by 17?
16
Calculate the remainder when 209438 is divided by 11001.
419
What is the remainder when 3876806 is divided by 163?
14
Calculate the remainder when 495224 is divided by 2814.
2774
Calculate the remainder when 53648 is divided by 71.
43
Calculate the remainder when 564581 is divided by 141111.
137
What is the remainder when 27700728 is divided by 30541?
41
Calculate the remainder when 6335216 is divided by 2111732.
20
What is the remainder when 108473797 is divided by 202?
201
What is the remainder when 8897 is divided by 4443?
11
Calculate the remainder when 228443 is divided by 389.
100
What is the remainder when 1365631 is divided by 80310?
361
Calculate the remainder when 163865 is divided by 3986.
439
Calculate the remainder when 401268 is divided by 401118.
150
Calculate the remainder when 171154 is divided by 777.
214
Calculate the remainder when 1171004 is divided by 92.
28
What is the remainder when 16027716 is divided by 210891?
0
What is the remainder when 1553875 is divided by 31?
0
What is the remainder when 136642273 is divided by 7887?
7885
Calculate the remainder when 11085627 is divided by 32.
27
Calculate the remainder when 32307112 is divided by 1671.
1669
Calculate the remainder when 679874 is divided by 639.
617
What is the remainder when 456712 is divided by 154?
102
Calculate the remainder when 91460 is divided by 3128.
748
Calculate the remainder when 42595 is divided by 337.
133
Calculate the remainder when 4559788 is divided by 190.
168
What is the remainder when 1045520 is divided by 1437?
821
Calculate the remainder when 76273345 is divided by 397257.
1
What is the remainder when 379642 is divided by 75919?
47
What is the remainder when 138086 is divided by 44?
14
What is the remainder when 1125809 is divided by 2212?
2113
Calculate the remainder when 1012588 is divided by 202517.
3
Calculate the remainder when 110938282 is divided by 2251.
2249
Calculate the remainder when 19744231 is divided by 9872109.
13
What is the remainder when 9279727 is divided by 2319929?
11
What is the remainder when 41530133 is divided by 20765060?
13
Calculate the remainder when 549004 is divided by 1771.
1765
Calculate the remainder when 221657335 is divided by 482.
477
What is the remainder when 458765 is divided by 280?
125
Calculate the remainder when 1655946 is divided by 15.
6
Calculate the remainder when 2191712687 is divided by 1089.
1088
Calculate the remainder when 1562686 is divided by 38114.
12
Calculate the remainder when 732874 is divided by 2019.
1996
Calculate the remainder when 2221763 is divided by 2221754.
9
Calculate the remainder when 8671312 is divided by 3255.
3247
Calculate the remainder when 13545374 is divided by 4514928.
590
Calculate the remainder when 569771 is divided by 189917.
20
Calculate the remainder when 54037653 is divided by 7.
5
Calculate the remainder when 5493311 is divided by 930.
731
Calculate the remainder when 16174583 is divided by 811.
810
What is the remainder when 1035135 is divided by 275?
35
What is the remainder when 86383233 is divided by 133?
132
Calculate the remainder when 5594992 is divided by 55.
7
What is the remainder when 2873697 is divided